
Let u(c) = -2*c - 10. Give u(-6).
2
Let j(y) = 13*y**2 - 492*y - 72. Calculate j(38).
4
Let q(d) = 235*d + 500. Determine q(-3).
-205
Let t(z) = z**3 - 48*z**2 + 49*z + 109. Calculate t(47).
203
Let y(n) = -n**3 + 120*n**2 - 153*n + 4002. Give y(119).
-44
Let q(v) = 1595*v - 21. Calculate q(0).
-21
Let b(v) = 2*v**2 - 198*v - 3726. What is b(115)?
-46
Let t(z) = 2*z**2 + 129*z + 186. Determine t(-63).
-3
Let i(c) = -c**3 + 201*c**2 + 394*c + 2433. Determine i(203).
-3
Let u(l) = -4*l + 401. Determine u(75).
101
Let n(i) = 97*i**2 + 101*i + 2. Determine n(-1).
-2
Let m(y) = -2*y**3 - 13*y**2 - 18*y + 3. Determine m(-7).
178
Let g(p) = p**2 + 364*p + 29874. Determine g(-239).
-1
Let f(n) = -121*n**2 + 512*n - 117. Calculate f(4).
-5
Let u(g) = -43*g - 434. Determine u(-9).
-47
Let c(o) = 325*o + 398. Calculate c(-3).
-577
Let p(j) = -j**3 - 38*j**2 - 98*j + 126. Give p(-35).
-119
Let g(q) = q**2 + 33*q - 395. What is g(-42)?
-17
Let s(q) = -q**3 - 4*q**2 - 14*q - 162. Give s(-6).
-6
Let j(t) = -t**2 + 25*t - 143. Give j(7).
-17
Let p(l) = 7*l**2 - 4*l - 2. Calculate p(1).
1
Let j(l) = 110*l - 498. Determine j(5).
52
Let i(r) = -r**3 + 50*r**2 + 160*r - 31. Calculate i(53).
22
Let n(h) = -2*h**3 + 14*h**2 + 66*h - 70. What is n(10)?
-10
Let i(r) = -r - 33. Calculate i(-12).
-21
Let v(n) = -144*n + 276. What is v(2)?
-12
Let w(z) = z**3 - 10*z**2 + 18*z - 40. Determine w(7).
-61
Let y(a) = -a**2 - 39*a + 1426. What is y(-62)?
0
Let s(k) = 23*k**2 - 1012*k + 1. Calculate s(44).
1
Let q(h) = h**3 + 24*h**2 - 101*h + 18. What is q(-28)?
-290
Let v(o) = -7*o**2 + 221*o - 327. Calculate v(30).
3
Let b(y) = 11*y**2 + 120*y - 199. What is b(-10)?
-299
Let i(d) = -d**2 + 119*d - 3460. What is i(50)?
-10
Let h(v) = 2*v**2 + 64*v - 1036. Determine h(-44).
20
Let f(r) = -2*r**3 + 23*r**2 - 56*r + 97. Calculate f(9).
-2
Let p(t) = 1047*t - 5108. Determine p(5).
127
Let m(t) = -2*t + 7. Calculate m(-14).
35
Let v(g) = -g**3 + 31*g**2 - 44*g + 326. Determine v(30).
-94
Let u(j) = 153*j + 2310. Determine u(-15).
15
Let t(j) = -4*j**3 + 87*j**2 + 24*j - 51. What is t(22)?
-7
Let b(g) = g**3 - 40*g**2 + 38*g + 26. What is b(39)?
-13
Let v(i) = 73*i**2 - 2845*i - 80. Determine v(39).
-2
Let y(z) = z**2 - 124*z - 509. Determine y(-4).
3
Let p(t) = 2*t**3 - t**2 + 6*t + 43. Give p(-3).
-38
Let s(i) = i**3 + 12*i**2 + 25*i - 24. What is s(-6)?
42
Let c(k) = 261*k**2 - 492*k + 491. Determine c(1).
260
Let c(w) = -w**2 + 47*w - 600. What is c(31)?
-104
Let y(k) = 1597*k - 3146. Determine y(2).
48
Let d(u) = -u**3 + 8*u**2 - 30*u + 95. Calculate d(9).
-256
Let u(q) = 4*q**2 + 398*q + 2020. Calculate u(-94).
-48
Let m(i) = 3*i**2 - 14*i - 76. Give m(8).
4
Let r(g) = 158*g - 2519. What is r(15)?
-149
Let i(z) = z**2 - 1325*z + 62. What is i(0)?
62
Let l(f) = -f**3 + 6*f**2 - 5*f + 27. Determine l(8).
-141
Let b(h) = -70*h**2 + 7*h + 5. Calculate b(-1).
-72
Let k(q) = -103*q**2 + 468*q - 232. Give k(4).
-8
Let l(m) = -2*m**2 + 163*m - 987. Determine l(75).
-12
Let n(a) = 21*a**3 + 2*a**2 - 9*a - 190. Give n(0).
-190
Let a(n) = -3889*n + 27174. Calculate a(7).
-49
Let c(w) = 76*w - 504. What is c(7)?
28
Let a(s) = 19*s**3 - 2*s**2 - 2*s - 1. What is a(-1)?
-20
Let x(k) = 1811*k + 155748. Give x(-86).
2
Let y(o) = 96*o**2 - 29*o - 53. Determine y(1).
14
Let z(a) = a**3 + 12*a**2 + 51*a + 80. Calculate z(-3).
8
Let v(m) = m**3 - 13*m - 10. Determine v(-4).
-22
Let l(h) = 2*h**3 + 35*h**2 - 16*h + 1. What is l(-18)?
-35
Let h(s) = s**2 + 4*s - 567. Give h(22).
5
Let d(f) = 162*f**2 - 42*f + 40. Calculate d(1).
160
Let g(d) = 346*d - 2. Calculate g(0).
-2
Let d(n) = n**3 + 123*n**2 - 246*n + 617. Give d(-125).
117
Let x(d) = -d**3 + 10*d**2 - 31*d + 39. Give x(7).
-31
Let l(v) = 100*v + 1619. What is l(-16)?
19
Let q(i) = -66*i + 2255. Give q(34).
11
Let a(v) = -170*v + 1179. What is a(7)?
-11
Let g(b) = -3*b**3 + 115*b**2 - 38*b - 420. Calculate g(38).
-420
Let k(t) = -t**3 + 141*t**2 - 809*t + 11. Calculate k(6).
17
Let f(k) = -k - 99. Determine f(-5).
-94
Let k(j) = 88*j + 1234. What is k(-14)?
2
Let p(i) = 194*i - 427. Calculate p(6).
737
Let d(k) = k**3 + 2*k**2 + 8*k - 110. Determine d(-6).
-302
Let j(o) = 98*o**2 - 927*o - 18. Determine j(10).
512
Let b(k) = 175*k + 456. Determine b(-6).
-594
Let h(n) = 14*n + 8. Give h(-1).
-6
Let s(m) = 110*m - 17152. What is s(156)?
8
Let q(h) = -64*h + 562. Calculate q(13).
-270
Let g(q) = -12*q**2 + 789*q + 97. Calculate g(66).
-101
Let d(a) = -3*a**2 + 131*a + 9438. What is d(82)?
8
Let u(q) = -q**3 - 8*q**2 - 3*q - 75. Calculate u(-9).
33
Let m(c) = c**3 - 14*c**2 + 10*c - 11. Calculate m(11).
-264
Let n(f) = -f**3 - 29*f**2 + 140*f + 208. Calculate n(-33).
-56
Let k(w) = -w**3 + 24*w**2 + 338*w + 54. Give k(34).
-14
Let y(g) = -932*g - 12074. Determine y(-13).
42
Let u(r) = r**3 + 238*r**2 - 1980*r + 91. Calculate u(8).
-5
Let v(t) = 70*t + 595. Calculate v(-9).
-35
Let j(b) = -2644*b + 71387. What is j(27)?
-1
Let n(a) = -17*a + 9. What is n(-4)?
77
Let s(n) = -13*n - 407. Calculate s(-36).
61
Let r(x) = -x**2 + 6724. Give r(-82).
0
Let t(g) = -g**3 - 20*g**2 - 43*g + 124. Determine t(-17).
-12
Let o(c) = 9*c**3 + 36*c**2 - 332*c - 1329. Give o(-4).
-1
Let i(v) = -v**2 + 16*v + 3331. Calculate i(66).
31
Let h(w) = 6*w - 20. Calculate h(7).
22
Let x(y) = -236*y**3 - y**2 - y. Calculate x(-1).
236
Let q(o) = -o**3 - 35*o**2 - 66*o - 17. Determine q(-33).
-17
Let m(x) = -2*x**2 + 80*x - 564. What is m(27)?
138
Let o(w) = 23*w - 1749. What is o(76)?
-1
Let b(t) = -10*t**2 + 482*t - 100. What is b(48)?
-4
Let m(f) = f**2 - 16*f + 40. Give m(7).
-23
Let y(a) = 12*a**2 - 50*a. What is y(5)?
50
Let k(t) = 8*t**2 - 691*t - 1154. Determine k(88).
-10
Let a(k) = -18*k + 990. What is a(53)?
36
Let p(c) = 33*c**2 + 40*c + 111. What is p(-4)?
479
Let d(v) = -v**2 - 83*v - 1514. Determine d(-27).
-2
Let x(r) = -r**3 - 4*r**2 + 17*r + 80. Determine x(-6).
50
Let n(h) = h**2 - 23*h - 69. Determine n(30).
141
Let l(k) = -k**2 - 11*k + 174. Give l(-19).
22
Let y(a) = 44*a + 767. Give y(-19).
-69
Let p(a) = -a**3 + 13*a**2 - 19*a + 68. Determine p(12).
-16
Let f(m) = -62*m + 214. Determine f(4).
-34
Let f(v) = -v**2 + 45*v + 5806. Give f(102).
-8
Let f(s) = -23*s - 2258. What is f(-98)?
-4
Let l(q) = q**2 + 14*q + 36. Give l(-16).
68
Let j(g) = -g**3 + 5*g**2 - 12*g + 20. Determine j(6).
-88
Let a(j) = 21*j**2 + 90*j - 10. Give a(-2).
-106
Let u(o) = 343*o - 55915. Give u(163).
-6
Let c(v) = 9*v**2 - 67*v + 32. What is c(7)?
4
Let z(b) = -13*b**3 + 2*b**2 + 5*b + 5. Give z(-1).
15
Let k(a) = 6*a**3 + 7*a**2 + 3*a + 3. Calculate k(-2).
-23
Let f(u) = -u**3 + 8*u**2 + 81*u - 672. Calculate f(8).
-24
Let c(d) = d**3 - 2*d**2 - 5*d + 100. Determine c(0).
100
Let q(f) = 32*f - 157. Calculate q(4).
-29
Let p(g) = -180*g + 2692. Give p(15).
-8
Let t(k) = -13*k - 85. Give t(-4).
-33
Let p(c) = 2*c**2 + 174*c + 817. Give p(-82).
-3
Let n(a) = -57*a + 11. Give n(4).
-217
Let f(k) = -115*k + 13908. What is f(121)?
-7
Let j(f) = -39*f**3 + f**2 - f + 1. Calculate j(1).
-38
Let q(n) = -368*n + 1126. Give q(3).
22
Let o(d) = -47*d + 1923. Give o(41).
-4
Let c(z) = 211*z - 4217. What is c(20)?
3
Let c(x) = 10*x - 58. Give c(-3).
-88
Let f(a) = -2*a**2 - 77*a - 755. Determine f(-19).
-14
Let x(m) = 49*m + 67. Determine x(-1).
18
Let k(b) = 2*b**2 - 174*b + 1573. Determine k(77).
33
Let l(g) = -g**3 - 19*g**2 - 23*g + 50. What is l(-14)?
-608
Let b(y) = -308*y - 9846. What is b(-32)?
10
Let j(f) = -231*f + 4917. Give j(19).
528
Let w(n) = 6*n**3 + 4*n**2 - 8*n + 4. Calculate w(3).
178
Let i(v) = -v**3 - 61*v**2 - 822*v - 52. Determine i(-20).
-12
Let k(g) = -g**2 + 61*g - 258. Determine k(54).
120
Let y(g) = g**2 + 165*g - 2721. Give y(15).
-21
Let a(m) = 18*m - 117. Determine a(7).
9
Let j(k) = 40*k**3 - 17*k**2 + 15*k + 2. What is j(1)?
40
Let a(d) = -2*d**2 - 306*d - 4134. Determine a(-15).
6
Let d(v) = -3*v**3 + 17*v**2 - 12*v + 8. What is d(5)?
-2
Let c(o) = 228*o - 1366. Determine c(7).
230
Let t(j) = j**2 - 31*j + 185. Determine t(6).
35
Let n(x) = -x**2 + 101*x - 1101. What is n(89)?
-33
Let n(w) = -40*w - 616. Determine n(-20).
184
Let x(r) = 56*r**2 + 1005*r - 48. Give x(-18).
6
Let o(n) = n**3 + 8*n**2 + 14*n + 370. Determine o(-12).
-374
Let j(h) =